 + 24 + 11*t. What is the hundreds digit of r(1)?
2
What is the tens digit of 189/36*4/(-6)*-3668?
3
Suppose -3*q - 14 = -4*p, q + 0 + 26 = -4*p. Suppose 63*m - 58*m = -2*u - 1875, 5*m + 1875 = -4*u. What is the tens digit of (m/q - 5)*(-8)/(-10)?
2
Let q be 56/7 + (-6)/4*2. Suppose 2*n + 110 = -q*v, 4*n + 4*v + 220 = -0*n. Let f = 215 + n. What is the units digit of f?
0
Let o(f) = f**3 + 9*f**2 + f - 10. Let q be o(-9). Let i(h) = 3*h - 27. Let x be i(q). What is the hundreds digit of (x + -5)/((-2)/4)?
1
Let n(t) = 2 + 0*t - 1 + 7*t + 4*t + t**2. Let y be n(-13). Suppose y = -j + 42. What is the units digit of j?
5
Let a = -51 + 59. Suppose -10 + 130 = a*l. Suppose 6*i - l = 333. What is the tens digit of i?
5
Suppose 9771*b + 3911624 = 9937*b. What is the units digit of b?
4
Let c = 9949 + -2447. What is the hundreds digit of c?
5
Let u = 18163 + -10576. What is the units digit of u?
7
What is the thousands digit of 240/(-5280) - ((-943275)/(-66))/(-1)?
4
Let b = 52 + 25. Let q = 86 - b. Suppose 3*c - q*c = -840. What is the units digit of c?
0
Let r = -149 - -314. Let p = -301 + r. Let c = -44 - p. What is the tens digit of c?
9
Let f = -17855 - -27600. What is the tens digit of f?
4
Suppose -x - 35 = -6*x. Suppose -x*o + 11*o - 464 = 0. Let l = o - 68. What is the tens digit of l?
4
Let h(t) = 37*t**3 - 42*t**2 - 6*t - 26. What is the thousands digit of h(7)?
0
Let h(l) = 38*l**2 - 3*l - 10 - 10*l**2 - 17*l**2 - 16*l**2. Let q(k) = -4*k**2 - 2*k - 10. Let p(f) = -5*h(f) + 6*q(f). What is the units digit of p(-11)?
8
Suppose 0 = 8*s + 156 + 132. Let b be (6/(-9))/(8/s). Suppose -b*v + 313 = -5*y, 0*y + 217 = 2*v + 5*y. What is the units digit of v?
6
Suppose 24*o - 484544 = -89*o. What is the hundreds digit of o?
2
Suppose 166564 + 235549 + 16543 = 56*j. What is the tens digit of j?
7
Let v(a) = 1243*a**2 - 2*a + 3. Let j be v(1). Suppose -i + 990 = 4*w, -5*w + i = -i - j. Let t = 353 - w. What is the tens digit of t?
0
Suppose -5*m + 218844 - 38849 = -5*h, -5*m + h + 180015 = 0. What is the thousands digit of m?
6
What is the hundreds digit of (-4157 + 1)*328/(-32) - (3 + -6)?
6
Let d(x) = -12*x + 23. Let q be d(-21). Suppose -1155 = -4*p - q. What is the tens digit of p?
2
Suppose -49448 = -5*k - 3*l, -9884 = -k + 589*l - 591*l. What is the tens digit of k?
9
Let m = -361 + 359. What is the tens digit of (2/(-6))/(m/1170)?
9
Let m(b) = -b**3 + 15*b**2 - 39*b + 4. Let l be m(10). Suppose 13*j + l = 19*j. What is the units digit of j?
9
Suppose -7 = -64*v + 313. Suppose 14 = 2*i - 5*f, 5*f + 29 = i - 4*i. Let p = v - i. What is the units digit of p?
8
Suppose -51*p = -43*p + 3672. What is the tens digit of 3326/4 + (p/18)/17?
3
Let o be -3*((-3)/1)/(45/10). Let r be (-210 - 3)*o/3. Let w = 227 + r. What is the tens digit of w?
8
Let u = 170 + -172. What is the units digit of ((u - 3) + 24)*5?
5
Suppose 0 = 5*z - 22*r + 26*r - 214243, 128525 = 3*z + 5*r. What is the ten thousands digit of z?
4
Let w = -8499 + 10719. What is the thousands digit of w?
2
Suppose 0 = 389*y - 11627376 - 9346162 - 16284104. What is the hundreds digit of y?
7
Suppose -38237 = 44*s - 45*s + 4*y, -y - 76516 = -2*s. What is the ten thousands digit of s?
3
Let l(k) = 1290*k**2 + 2*k - 6. Let r be l(-2). Suppose 16*f - 6*f = r. What is the hundreds digit of f?
5
Suppose 121*p = 1235520 - 62304. What is the tens digit of p?
9
Let k = -176 - -123. Let t = k - -3. What is the tens digit of (0 + 1)/((-1)/t)?
5
Let q = -67 - -64. Let b(s) = -5*s**3 - 5*s**2 - 5*s + 2. What is the tens digit of b(q)?
0
Suppose 10*x - 37*x = -66744. What is the hundreds digit of x?
4
Let n = -87 - -91. Let l be (n/6 - (-10544)/24)*1. Suppose 6*v = -2*v + l. What is the units digit of v?
5
Let l(w) = -4 + 98 + 21*w + 89*w + 42*w. What is the tens digit of l(4)?
0
Let a = 2179 - 1378. Suppose 8*d + 351 = -a. What is the tens digit of d*(-3)/(-15)*(-20)/6?
9
Let h(u) = -u**3 - 3*u**2 - 7. Let v be h(-5). Suppose 3*k - v - 23 = 0. What is the units digit of k?
2
Suppose -x - 1 = -2*g, 5*g = -x + 2*x + 13. Suppose s - x*s = -18. Suppose -q + s*q - 141 = 5*o, -4*q = -5*o - 297. What is the tens digit of q?
7
Let n be (-29 + 29)/(-1*2/(-1)). What is the units digit of 3 + (-3 - n) + 201?
1
Let c be 27758/9 - (4/9)/2. Suppose -10*d = 2*d - c. What is the hundreds digit of d?
2
Suppose 5*q - 4*f = 1554, -4*f + 8*f = -5*q + 1586. Let g = -129 + q. What is the hundreds digit of g?
1
Suppose 18*z - 10064 = 10582. Suppose -8 = -b - 7, -5*a + 3*b = -z. What is the tens digit of a?
3
Let a(z) = -z**2 - 11*z - 18. Let i be a(-10). Suppose 2*h + 4*s - 119 - 79 = 0, 3*h + 5*s = 300. Let w = h + i. What is the tens digit of w?
9
Let m = -5 - 30. Suppose 91*k - 26*k + 260 = 0. Let l = k - m. What is the units digit of l?
1
What is the hundreds digit of ((-3)/(-11))/(-3) - (-6837560)/2585?
6
Suppose 297*x - 305*x + 102344 = 0. What is the units digit of x?
3
Let x = -40096 - -70952. What is the hundreds digit of x?
8
Let z(t) = 2*t**2 - t - 174. Let p be z(0). Let g = p - -563. What is the hundreds digit of g?
3
Let y(q) = 8*q**2 - q - 15 - 2*q**2 + q**3 + 3 - 3. Let m be y(-7). Let w = m - -92. What is the tens digit of w?
3
Let k(a) be the first derivative of -a**4/4 - 4*a**3/3 + 7*a**2/2 + 11*a + 8. Let x be k(-5). What is the units digit of 6/(x/(-1))*(-63)/14?
7
Let z be (-8)/48*3928*-6. Let o = -2645 + z. What is the hundreds digit of o?
2
Let s(u) = -2*u**2 - 23*u - 22. Let o be s(-1). What is the hundreds digit of -26*927/(-18)*(o + 2)?
3
Let f(j) be the first derivative of 8*j**3/3 - 13*j**2/2 + 6*j - 18. Let n(s) be the first derivative of f(s). What is the units digit of n(4)?
1
Let x = -43 - -38. Let w(n) = n**3 + 6*n**2 + 7*n + 8. Let b be w(x). What is the units digit of (60/(-50))/(b/50)?
0
Let r(w) = -181*w + 293. What is the tens digit of r(-19)?
3
Suppose -296321 - 45499 = -30*w. What is the ten thousands digit of w?
1
Let s be ((-5)/(-30)*-8)/(2/9). What is the tens digit of 1205/6 + 0 + (-1)/s?
0
Let q(p) = -3281*p**3 + 5*p**2 + 102*p + 326. What is the ten thousands digit of q(-3)?
8
Suppose 7*n = 3*n + 12364. Suppose -n = -5*v + 3229. Suppose 5*l - v = -269. What is the hundreds digit of l?
1
Let u = -37 + 35. Let i be (u + (3 - 1))/(-2). Suppose i = l, 2*f - f - 3*l = 100. What is the tens digit of f?
0
Suppose 45*w + 1638 = 47*w. Let s be (2/(-6))/(13/w). Let u(z) = z**3 + 21*z**2 + 2*z + 50. What is the units digit of u(s)?
8
Let f = -16 - -14. Let s(i) = i**3 + i**2 - 3*i - 2. Let o be s(f). Suppose o = 8*c - 5*c - 303. What is the tens digit of c?
0
Let m(z) = -2*z**2 - 30*z - 13. Let v be m(-14). Suppose -v - 1 = 4*x, 2*x + 1 = -f. What is the units digit of f?
7
Let v be (-29)/87 + (-34)/(-3). Suppose 0 = -v*g + 26 + 326. Suppose -2*p = -g - 322. What is the hundreds digit of p?
1
Let w be -213 - (-6)/1*6/9. Let y = 252 + w. What is the tens digit of y?
4
Let b = 35026 + -24755. What is the ten thousands digit of b?
1
Let r be 6 + (0 - -1) + -3. Suppose -2*f + r*i + 674 = 0, -f + 54 + 283 = -4*i. What is the tens digit of f?
3
Suppose -26260 = -33*u + 14858. Suppose -7*i + 4207 - u = 0. What is the hundreds digit of i?
4
Suppose -12 + 4 = -2*b. Suppose b*s + s = 30. Suppose -11*r + s*r + 740 = 0. What is the tens digit of r?
4
Let r be (1/(-4))/((-2)/(-8))*179. Let f = r + 555. Let w = f + -257. What is the hundreds digit of w?
1
Let t(l) = -6*l + 37. Let m be t(-9). Suppose 20*u = 27*u - m. Suppose 3*c - 5 = u. What is the units digit of c?
6
Suppose 4*n - 14*x - 5 = -11*x, -2*n = 4*x - 8. What is the units digit of (-31)/31*(-478)/n*1?
9
Let s = -508 - -511. What is the hundreds digit of 126742/88 + s/(-12)?
4
Let y = 320 - -2132. What is the units digit of y?
2
Suppose 148*u - 144*u = 1944. Let n = u - 295. What is the hundreds digit of n?
1
Suppose 1283 = 3*f - l - 128, -935 = -2*f - 5*l. Suppose 3*h + f = 3*j - 637, -4*j - 3*h = -1511. What is the tens digit of j?
7
Let k(w) be the second derivative of -6*w**5/5 - 2*w**4/3 - 2*w - 6. What is the units digit of k(-4)?
8
Let n(b) = b**2 - b - 3. Let y be n(-2). Suppose 7*h - y*h = -68. Let d(c) = -3*c - 28. What is the units digit of d(h)?
3
Let s(z) = 3*z**2 + z + 220. Let c(n) = n**3 + 2*n**2 + 6*n + 5. Let f be c(-1). What